{"id":106732,"date":"2026-03-07T12:43:50","date_gmt":"2026-03-07T15:43:50","guid":{"rendered":"https:\/\/anacleta.com.ar\/?post_type=product&#038;p=106732"},"modified":"2026-04-07T21:00:10","modified_gmt":"2026-04-08T00:00:10","slug":"remera-basica-mc","status":"publish","type":"product","link":"https:\/\/anacleta.com.ar\/es_es\/producto\/remera-basica-mc\/","title":{"rendered":"Remera Basica MC"},"content":{"rendered":"","protected":false},"excerpt":{"rendered":"<p>La Remera Basica MC, de jersey interlock de algod\u00f3n pima peruano, es de calce cl\u00e1sico, con escote a la base y manga corta. Presenta bordado marcario a tono en frente de prenda. El comod\u00edn ideal para cerrar cualquier look.<br \/>\n<em>Referencia modelo: Altura 1,76 Talle 2<\/em><\/p>\n","protected":false},"featured_media":106736,"template":"","meta":[],"product_brand":[481],"product_cat":[129],"product_tag":[111],"class_list":{"0":"post-106732","1":"product","2":"type-product","3":"status-publish","4":"has-post-thumbnail","6":"product_brand-ginebra","7":"product_cat-remeras","8":"product_tag-ginebra","10":"first","11":"instock","12":"shipping-taxable","13":"purchasable","14":"product-type-variable"},"_links":{"self":[{"href":"https:\/\/anacleta.com.ar\/es_es\/wp-json\/wp\/v2\/product\/106732","targetHints":{"allow":["GET"]}}],"collection":[{"href":"https:\/\/anacleta.com.ar\/es_es\/wp-json\/wp\/v2\/product"}],"about":[{"href":"https:\/\/anacleta.com.ar\/es_es\/wp-json\/wp\/v2\/types\/product"}],"wp:featuredmedia":[{"embeddable":true,"href":"https:\/\/anacleta.com.ar\/es_es\/wp-json\/wp\/v2\/media\/106736"}],"wp:attachment":[{"href":"https:\/\/anacleta.com.ar\/es_es\/wp-json\/wp\/v2\/media?parent=106732"}],"wp:term":[{"taxonomy":"product_brand","embeddable":true,"href":"https:\/\/anacleta.com.ar\/es_es\/wp-json\/wp\/v2\/product_brand?post=106732"},{"taxonomy":"product_cat","embeddable":true,"href":"https:\/\/anacleta.com.ar\/es_es\/wp-json\/wp\/v2\/product_cat?post=106732"},{"taxonomy":"product_tag","embeddable":true,"href":"https:\/\/anacleta.com.ar\/es_es\/wp-json\/wp\/v2\/product_tag?post=106732"}],"curies":[{"name":"wp","href":"https:\/\/api.w.org\/{rel}","templated":true}]}}

<p>La Remera Basica MC, de jersey interlock de algodón pima peruano, es de calce clásico, con escote a la base y manga corta. Presenta bordado marcario a tono en frente de prenda. El comodín ideal para cerrar cualquier look.<br />
<em>Referencia modelo: Altura 1,76 Talle 2</em></p>
