{"id":106967,"date":"2026-03-09T11:01:38","date_gmt":"2026-03-09T14:01:38","guid":{"rendered":"https:\/\/anacleta.com.ar\/?post_type=product&#038;p=106967"},"modified":"2026-04-07T20:52:13","modified_gmt":"2026-04-07T23:52:13","slug":"jeans-wide-icon-black","status":"publish","type":"product","link":"https:\/\/anacleta.com.ar\/es_es\/producto\/jeans-wide-icon-black\/","title":{"rendered":"Jeans Wide Icon Black"},"content":{"rendered":"","protected":false},"excerpt":{"rendered":"<p>Jeans Wide Icon Black wide leg confeccionado en denim tipo sastrero color negro, liviano y con leve elasticidad para mayor confort. De tiro medio y ca\u00edda amplia.<\/p>\n<p>Composici\u00f3n: 92% Algod\u00f3n 7% Poli\u00e9ster 1% Elastano<\/p>\n<p>Referencia modelo Florencia: Altura 1,74 Talle: 1<\/p>\n","protected":false},"featured_media":106977,"template":"","meta":[],"product_brand":[480],"product_cat":[126,134],"product_tag":[112],"class_list":{"0":"post-106967","1":"product","2":"type-product","3":"status-publish","4":"has-post-thumbnail","6":"product_brand-jazmin-chebar","7":"product_cat-denim","8":"product_cat-pantalones","9":"product_tag-jazmin-chebar","11":"first","12":"instock","13":"shipping-taxable","14":"purchasable","15":"product-type-variable"},"_links":{"self":[{"href":"https:\/\/anacleta.com.ar\/es_es\/wp-json\/wp\/v2\/product\/106967","targetHints":{"allow":["GET"]}}],"collection":[{"href":"https:\/\/anacleta.com.ar\/es_es\/wp-json\/wp\/v2\/product"}],"about":[{"href":"https:\/\/anacleta.com.ar\/es_es\/wp-json\/wp\/v2\/types\/product"}],"wp:featuredmedia":[{"embeddable":true,"href":"https:\/\/anacleta.com.ar\/es_es\/wp-json\/wp\/v2\/media\/106977"}],"wp:attachment":[{"href":"https:\/\/anacleta.com.ar\/es_es\/wp-json\/wp\/v2\/media?parent=106967"}],"wp:term":[{"taxonomy":"product_brand","embeddable":true,"href":"https:\/\/anacleta.com.ar\/es_es\/wp-json\/wp\/v2\/product_brand?post=106967"},{"taxonomy":"product_cat","embeddable":true,"href":"https:\/\/anacleta.com.ar\/es_es\/wp-json\/wp\/v2\/product_cat?post=106967"},{"taxonomy":"product_tag","embeddable":true,"href":"https:\/\/anacleta.com.ar\/es_es\/wp-json\/wp\/v2\/product_tag?post=106967"}],"curies":[{"name":"wp","href":"https:\/\/api.w.org\/{rel}","templated":true}]}}

<p>Jeans Wide Icon Black wide leg confeccionado en denim tipo sastrero color negro, liviano y con leve elasticidad para mayor confort. De tiro medio y caída amplia.</p>
<p>Composición: 92% Algodón 7% Poliéster 1% Elastano</p>
<p>Referencia modelo Florencia: Altura 1,74 Talle: 1</p>
