{"id":106979,"date":"2026-03-09T11:05:20","date_gmt":"2026-03-09T14:05:20","guid":{"rendered":"https:\/\/anacleta.com.ar\/?post_type=product&#038;p=106979"},"modified":"2026-04-04T10:31:28","modified_gmt":"2026-04-04T13:31:28","slug":"jeans-wide-icon-blue","status":"publish","type":"product","link":"https:\/\/anacleta.com.ar\/es_es\/producto\/jeans-wide-icon-blue\/","title":{"rendered":"Jeans Wide Icon Blue"},"content":{"rendered":"","protected":false},"excerpt":{"rendered":"<p>Jeans Wide Icon Blue wide leg en denim tipo sastrero color azul oscuro, liviano y con leve elasticidad. De tiro medio y silueta amplia, es una versi\u00f3n actual del cl\u00e1sico jean con aire m\u00e1s pulido y vers\u00e1til.<\/p>\n<p>Composici\u00f3n: 92% Algod\u00f3n 7% Poli\u00e9ster 1% Elastano<\/p>\n<p>Referencia modelo Florencia: Altura 1,74 Talle: 1<\/p>\n","protected":false},"featured_media":106986,"template":"","meta":[],"product_brand":[480],"product_cat":[126,134],"product_tag":[112],"class_list":{"0":"post-106979","1":"product","2":"type-product","3":"status-publish","4":"has-post-thumbnail","6":"product_brand-jazmin-chebar","7":"product_cat-denim","8":"product_cat-pantalones","9":"product_tag-jazmin-chebar","11":"first","12":"instock","13":"shipping-taxable","14":"purchasable","15":"product-type-variable"},"_links":{"self":[{"href":"https:\/\/anacleta.com.ar\/es_es\/wp-json\/wp\/v2\/product\/106979","targetHints":{"allow":["GET"]}}],"collection":[{"href":"https:\/\/anacleta.com.ar\/es_es\/wp-json\/wp\/v2\/product"}],"about":[{"href":"https:\/\/anacleta.com.ar\/es_es\/wp-json\/wp\/v2\/types\/product"}],"wp:featuredmedia":[{"embeddable":true,"href":"https:\/\/anacleta.com.ar\/es_es\/wp-json\/wp\/v2\/media\/106986"}],"wp:attachment":[{"href":"https:\/\/anacleta.com.ar\/es_es\/wp-json\/wp\/v2\/media?parent=106979"}],"wp:term":[{"taxonomy":"product_brand","embeddable":true,"href":"https:\/\/anacleta.com.ar\/es_es\/wp-json\/wp\/v2\/product_brand?post=106979"},{"taxonomy":"product_cat","embeddable":true,"href":"https:\/\/anacleta.com.ar\/es_es\/wp-json\/wp\/v2\/product_cat?post=106979"},{"taxonomy":"product_tag","embeddable":true,"href":"https:\/\/anacleta.com.ar\/es_es\/wp-json\/wp\/v2\/product_tag?post=106979"}],"curies":[{"name":"wp","href":"https:\/\/api.w.org\/{rel}","templated":true}]}}

<p>Jeans Wide Icon Blue wide leg en denim tipo sastrero color azul oscuro, liviano y con leve elasticidad. De tiro medio y silueta amplia, es una versión actual del clásico jean con aire más pulido y versátil.</p>
<p>Composición: 92% Algodón 7% Poliéster 1% Elastano</p>
<p>Referencia modelo Florencia: Altura 1,74 Talle: 1</p>
