{"id":106995,"date":"2026-03-09T11:12:39","date_gmt":"2026-03-09T14:12:39","guid":{"rendered":"https:\/\/anacleta.com.ar\/?post_type=product&#038;p=106995"},"modified":"2026-04-02T13:03:49","modified_gmt":"2026-04-02T16:03:49","slug":"chaleco-icon-black","status":"publish","type":"product","link":"https:\/\/anacleta.com.ar\/es_es\/producto\/chaleco-icon-black\/","title":{"rendered":"Chaleco Icon Black"},"content":{"rendered":"","protected":false},"excerpt":{"rendered":"<p>Chaleco Icon Black confeccionado en denim tipo sastrero color negro, de fit est\u00e1ndar y l\u00edneas limpias. Ideal para combinar con el Jeans Wide Icon Black y lograr un look completo.<\/p>\n<p>Composici\u00f3n: 92% Algod\u00f3n 7% Poli\u00e9ster 1% Elastano<\/p>\n<p>Referencia modelo Florencia: Altura 1,74 Talle: 1<\/p>\n","protected":false},"featured_media":106998,"template":"","meta":[],"product_brand":[480],"product_cat":[184,126,148],"product_tag":[112],"class_list":{"0":"post-106995","1":"product","2":"type-product","3":"status-publish","4":"has-post-thumbnail","6":"product_brand-jazmin-chebar","7":"product_cat-camisas","8":"product_cat-denim","9":"product_cat-sacos-y-camperas","10":"product_tag-jazmin-chebar","12":"first","13":"outofstock","14":"shipping-taxable","15":"product-type-variable"},"_links":{"self":[{"href":"https:\/\/anacleta.com.ar\/es_es\/wp-json\/wp\/v2\/product\/106995","targetHints":{"allow":["GET"]}}],"collection":[{"href":"https:\/\/anacleta.com.ar\/es_es\/wp-json\/wp\/v2\/product"}],"about":[{"href":"https:\/\/anacleta.com.ar\/es_es\/wp-json\/wp\/v2\/types\/product"}],"wp:featuredmedia":[{"embeddable":true,"href":"https:\/\/anacleta.com.ar\/es_es\/wp-json\/wp\/v2\/media\/106998"}],"wp:attachment":[{"href":"https:\/\/anacleta.com.ar\/es_es\/wp-json\/wp\/v2\/media?parent=106995"}],"wp:term":[{"taxonomy":"product_brand","embeddable":true,"href":"https:\/\/anacleta.com.ar\/es_es\/wp-json\/wp\/v2\/product_brand?post=106995"},{"taxonomy":"product_cat","embeddable":true,"href":"https:\/\/anacleta.com.ar\/es_es\/wp-json\/wp\/v2\/product_cat?post=106995"},{"taxonomy":"product_tag","embeddable":true,"href":"https:\/\/anacleta.com.ar\/es_es\/wp-json\/wp\/v2\/product_tag?post=106995"}],"curies":[{"name":"wp","href":"https:\/\/api.w.org\/{rel}","templated":true}]}}

<p>Chaleco Icon Black confeccionado en denim tipo sastrero color negro, de fit estándar y líneas limpias. Ideal para combinar con el Jeans Wide Icon Black y lograr un look completo.</p>
<p>Composición: 92% Algodón 7% Poliéster 1% Elastano</p>
<p>Referencia modelo Florencia: Altura 1,74 Talle: 1</p>
