{"id":107001,"date":"2026-03-09T11:16:52","date_gmt":"2026-03-09T14:16:52","guid":{"rendered":"https:\/\/anacleta.com.ar\/?post_type=product&#038;p=107001"},"modified":"2026-03-09T11:16:52","modified_gmt":"2026-03-09T14:16:52","slug":"campera-emma","status":"publish","type":"product","link":"https:\/\/anacleta.com.ar\/es_es\/producto\/campera-emma\/","title":{"rendered":"Campera Emma"},"content":{"rendered":"","protected":false},"excerpt":{"rendered":"<p>Campera Emma matelaseada con largo a la cadera y mangas largas. Lleva cuello y pu\u00f1os en tejido al tono. En el acceso incluye broches al tono grabados con el logo JCH y en el cuello cord\u00f3n tejido con terminales al tono. Presenta bolsillos plaqu\u00e9 en el delantero y badana de cuero en la parte superior de la manga izquierda.<\/p>\n<p>Composici\u00f3n: 100% Poli\u00e9ster<\/p>\n<p>Referencia modelo Florencia: Altura 1,74 Talle: 1<\/p>\n","protected":false},"featured_media":107004,"template":"","meta":[],"product_brand":[480],"product_cat":[148],"product_tag":[112],"class_list":{"0":"post-107001","1":"product","2":"type-product","3":"status-publish","4":"has-post-thumbnail","6":"product_brand-jazmin-chebar","7":"product_cat-sacos-y-camperas","8":"product_tag-jazmin-chebar","10":"first","11":"instock","12":"shipping-taxable","13":"purchasable","14":"product-type-variable"},"_links":{"self":[{"href":"https:\/\/anacleta.com.ar\/es_es\/wp-json\/wp\/v2\/product\/107001","targetHints":{"allow":["GET"]}}],"collection":[{"href":"https:\/\/anacleta.com.ar\/es_es\/wp-json\/wp\/v2\/product"}],"about":[{"href":"https:\/\/anacleta.com.ar\/es_es\/wp-json\/wp\/v2\/types\/product"}],"wp:featuredmedia":[{"embeddable":true,"href":"https:\/\/anacleta.com.ar\/es_es\/wp-json\/wp\/v2\/media\/107004"}],"wp:attachment":[{"href":"https:\/\/anacleta.com.ar\/es_es\/wp-json\/wp\/v2\/media?parent=107001"}],"wp:term":[{"taxonomy":"product_brand","embeddable":true,"href":"https:\/\/anacleta.com.ar\/es_es\/wp-json\/wp\/v2\/product_brand?post=107001"},{"taxonomy":"product_cat","embeddable":true,"href":"https:\/\/anacleta.com.ar\/es_es\/wp-json\/wp\/v2\/product_cat?post=107001"},{"taxonomy":"product_tag","embeddable":true,"href":"https:\/\/anacleta.com.ar\/es_es\/wp-json\/wp\/v2\/product_tag?post=107001"}],"curies":[{"name":"wp","href":"https:\/\/api.w.org\/{rel}","templated":true}]}}

<p>Campera Emma matelaseada con largo a la cadera y mangas largas. Lleva cuello y puños en tejido al tono. En el acceso incluye broches al tono grabados con el logo JCH y en el cuello cordón tejido con terminales al tono. Presenta bolsillos plaqué en el delantero y badana de cuero en la parte superior de la manga izquierda.</p>
<p>Composición: 100% Poliéster</p>
<p>Referencia modelo Florencia: Altura 1,74 Talle: 1</p>
