{"id":107006,"date":"2026-03-09T12:35:47","date_gmt":"2026-03-09T15:35:47","guid":{"rendered":"https:\/\/anacleta.com.ar\/?post_type=product&#038;p=107006"},"modified":"2026-03-09T12:35:48","modified_gmt":"2026-03-09T15:35:48","slug":"campera-icon-black","status":"publish","type":"product","link":"https:\/\/anacleta.com.ar\/es_es\/producto\/campera-icon-black\/","title":{"rendered":"Campera Icon Black"},"content":{"rendered":"","protected":false},"excerpt":{"rendered":"<p>Campera Icon Black de silueta cl\u00e1sica confeccionada en denim color negro. De fit est\u00e1ndar y l\u00edneas limpias, combina estructura y comodidad gracias a su leve elasticidad. Ideal para llevar con el Jeans Wide Icon Black y lograr un look completo.<\/p>\n<p>Composici\u00f3n: 92% Algod\u00f3n 7% Poli\u00e9ster 1% Elastano<\/p>\n<p>Referencia modelo Florencia: Altura 1,74 Talle: 1<\/p>\n","protected":false},"featured_media":107010,"template":"","meta":[],"product_brand":[480],"product_cat":[126,148],"product_tag":[112],"class_list":{"0":"post-107006","1":"product","2":"type-product","3":"status-publish","4":"has-post-thumbnail","6":"product_brand-jazmin-chebar","7":"product_cat-denim","8":"product_cat-sacos-y-camperas","9":"product_tag-jazmin-chebar","11":"first","12":"instock","13":"shipping-taxable","14":"purchasable","15":"product-type-variable"},"_links":{"self":[{"href":"https:\/\/anacleta.com.ar\/es_es\/wp-json\/wp\/v2\/product\/107006","targetHints":{"allow":["GET"]}}],"collection":[{"href":"https:\/\/anacleta.com.ar\/es_es\/wp-json\/wp\/v2\/product"}],"about":[{"href":"https:\/\/anacleta.com.ar\/es_es\/wp-json\/wp\/v2\/types\/product"}],"wp:featuredmedia":[{"embeddable":true,"href":"https:\/\/anacleta.com.ar\/es_es\/wp-json\/wp\/v2\/media\/107010"}],"wp:attachment":[{"href":"https:\/\/anacleta.com.ar\/es_es\/wp-json\/wp\/v2\/media?parent=107006"}],"wp:term":[{"taxonomy":"product_brand","embeddable":true,"href":"https:\/\/anacleta.com.ar\/es_es\/wp-json\/wp\/v2\/product_brand?post=107006"},{"taxonomy":"product_cat","embeddable":true,"href":"https:\/\/anacleta.com.ar\/es_es\/wp-json\/wp\/v2\/product_cat?post=107006"},{"taxonomy":"product_tag","embeddable":true,"href":"https:\/\/anacleta.com.ar\/es_es\/wp-json\/wp\/v2\/product_tag?post=107006"}],"curies":[{"name":"wp","href":"https:\/\/api.w.org\/{rel}","templated":true}]}}

<p>Campera Icon Black de silueta clásica confeccionada en denim color negro. De fit estándar y líneas limpias, combina estructura y comodidad gracias a su leve elasticidad. Ideal para llevar con el Jeans Wide Icon Black y lograr un look completo.</p>
<p>Composición: 92% Algodón 7% Poliéster 1% Elastano</p>
<p>Referencia modelo Florencia: Altura 1,74 Talle: 1</p>
