{"id":108662,"date":"2026-03-14T10:56:37","date_gmt":"2026-03-14T13:56:37","guid":{"rendered":"https:\/\/anacleta.com.ar\/?post_type=product&#038;p=108662"},"modified":"2026-03-14T10:56:37","modified_gmt":"2026-03-14T13:56:37","slug":"micro-short-lace-up-black","status":"publish","type":"product","link":"https:\/\/anacleta.com.ar\/es_es\/producto\/micro-short-lace-up-black\/","title":{"rendered":"Micro Short Lace Up Black"},"content":{"rendered":"","protected":false},"excerpt":{"rendered":"<p data-path-to-node=\"0\">Presentamos el Micro Short Lace Up. Elaborado en gamuza de poli\u00e9ster con un calce super fit y tiro super bajo, este modelo se distingue por su detalle frontal con cordones. El dise\u00f1o integra bolsillos y pasacintos con av\u00edos met\u00e1licos en contraste, grabados Harvey &amp; Willy&#8217;s.<\/p>\n","protected":false},"featured_media":108666,"template":"","meta":[],"product_brand":[496],"product_cat":[274],"product_tag":[497],"class_list":{"0":"post-108662","1":"product","2":"type-product","3":"status-publish","4":"has-post-thumbnail","6":"product_brand-harvey","7":"product_cat-shorts","8":"product_tag-harvey","10":"first","11":"instock","12":"shipping-taxable","13":"purchasable","14":"product-type-variable"},"_links":{"self":[{"href":"https:\/\/anacleta.com.ar\/es_es\/wp-json\/wp\/v2\/product\/108662","targetHints":{"allow":["GET"]}}],"collection":[{"href":"https:\/\/anacleta.com.ar\/es_es\/wp-json\/wp\/v2\/product"}],"about":[{"href":"https:\/\/anacleta.com.ar\/es_es\/wp-json\/wp\/v2\/types\/product"}],"wp:featuredmedia":[{"embeddable":true,"href":"https:\/\/anacleta.com.ar\/es_es\/wp-json\/wp\/v2\/media\/108666"}],"wp:attachment":[{"href":"https:\/\/anacleta.com.ar\/es_es\/wp-json\/wp\/v2\/media?parent=108662"}],"wp:term":[{"taxonomy":"product_brand","embeddable":true,"href":"https:\/\/anacleta.com.ar\/es_es\/wp-json\/wp\/v2\/product_brand?post=108662"},{"taxonomy":"product_cat","embeddable":true,"href":"https:\/\/anacleta.com.ar\/es_es\/wp-json\/wp\/v2\/product_cat?post=108662"},{"taxonomy":"product_tag","embeddable":true,"href":"https:\/\/anacleta.com.ar\/es_es\/wp-json\/wp\/v2\/product_tag?post=108662"}],"curies":[{"name":"wp","href":"https:\/\/api.w.org\/{rel}","templated":true}]}}

<p data-path-to-node="0">Presentamos el Micro Short Lace Up. Elaborado en gamuza de poliéster con un calce super fit y tiro super bajo, este modelo se distingue por su detalle frontal con cordones. El diseño integra bolsillos y pasacintos con avíos metálicos en contraste, grabados Harvey &amp; Willy&#8217;s.</p>
