{"id":108810,"date":"2026-03-14T12:49:27","date_gmt":"2026-03-14T15:49:27","guid":{"rendered":"https:\/\/anacleta.com.ar\/?post_type=product&#038;p=108810"},"modified":"2026-03-14T12:49:27","modified_gmt":"2026-03-14T15:49:27","slug":"buzo-ryder","status":"publish","type":"product","link":"https:\/\/anacleta.com.ar\/es_es\/producto\/buzo-ryder\/","title":{"rendered":"Buzo Ryder"},"content":{"rendered":"","protected":false},"excerpt":{"rendered":"<p>Buzo Ryder confeccionado en tela de punto frizada con estampa full print. Lleva capucha en tela base y terminaciones en ribb en pu\u00f1os y cintura en tela complemento, que aportan mayor ajuste y confort. Su calce es oversize.<\/p>\n<p>Composici\u00f3n: Tela 1: 90% Algod\u00f3n 10% Poli\u00e9ster Tela 2: 82% Algod\u00f3n 14% Poli\u00e9ster 4% Elastano<\/p>\n<p>Referencia modelo Victoria: Altura 1,73 Talle: 1<\/p>\n","protected":false},"featured_media":108812,"template":"","meta":[],"product_brand":[480],"product_cat":[150],"product_tag":[112],"class_list":{"0":"post-108810","1":"product","2":"type-product","3":"status-publish","4":"has-post-thumbnail","6":"product_brand-jazmin-chebar","7":"product_cat-buzos","8":"product_tag-jazmin-chebar","10":"first","11":"instock","12":"shipping-taxable","13":"purchasable","14":"product-type-variable"},"_links":{"self":[{"href":"https:\/\/anacleta.com.ar\/es_es\/wp-json\/wp\/v2\/product\/108810","targetHints":{"allow":["GET"]}}],"collection":[{"href":"https:\/\/anacleta.com.ar\/es_es\/wp-json\/wp\/v2\/product"}],"about":[{"href":"https:\/\/anacleta.com.ar\/es_es\/wp-json\/wp\/v2\/types\/product"}],"wp:featuredmedia":[{"embeddable":true,"href":"https:\/\/anacleta.com.ar\/es_es\/wp-json\/wp\/v2\/media\/108812"}],"wp:attachment":[{"href":"https:\/\/anacleta.com.ar\/es_es\/wp-json\/wp\/v2\/media?parent=108810"}],"wp:term":[{"taxonomy":"product_brand","embeddable":true,"href":"https:\/\/anacleta.com.ar\/es_es\/wp-json\/wp\/v2\/product_brand?post=108810"},{"taxonomy":"product_cat","embeddable":true,"href":"https:\/\/anacleta.com.ar\/es_es\/wp-json\/wp\/v2\/product_cat?post=108810"},{"taxonomy":"product_tag","embeddable":true,"href":"https:\/\/anacleta.com.ar\/es_es\/wp-json\/wp\/v2\/product_tag?post=108810"}],"curies":[{"name":"wp","href":"https:\/\/api.w.org\/{rel}","templated":true}]}}

<p>Buzo Ryder confeccionado en tela de punto frizada con estampa full print. Lleva capucha en tela base y terminaciones en ribb en puños y cintura en tela complemento, que aportan mayor ajuste y confort. Su calce es oversize.</p>
<p>Composición: Tela 1: 90% Algodón 10% Poliéster Tela 2: 82% Algodón 14% Poliéster 4% Elastano</p>
<p>Referencia modelo Victoria: Altura 1,73 Talle: 1</p>
