{"id":108916,"date":"2026-03-16T10:12:06","date_gmt":"2026-03-16T13:12:06","guid":{"rendered":"https:\/\/anacleta.com.ar\/?post_type=product&#038;p=108916"},"modified":"2026-03-16T10:12:06","modified_gmt":"2026-03-16T13:12:06","slug":"chaleco-ivy","status":"publish","type":"product","link":"https:\/\/anacleta.com.ar\/es_es\/producto\/chaleco-ivy\/","title":{"rendered":"Chaleco Ivy"},"content":{"rendered":"","protected":false},"excerpt":{"rendered":"<p data-start=\"0\" data-end=\"371\">Este chaleco de crepe sastrero redefine la elegancia moderna con un gui\u00f1o l\u00fadico y actual. Su silueta estructurada y corte corto estilizan la figura, mientras que los pines met\u00e1licos desmontables permiten personalizar el look y sumar un detalle distintivo. Ideal para combinar con camisas, tops o llevar como pieza protagonista en conjuntos de impronta contempor\u00e1nea.<\/p>\n","protected":false},"featured_media":108919,"template":"","meta":[],"product_brand":[485],"product_cat":[184],"product_tag":[114],"class_list":{"0":"post-108916","1":"product","2":"type-product","3":"status-publish","4":"has-post-thumbnail","6":"product_brand-natalia-antolin","7":"product_cat-camisas","8":"product_tag-natalia-antolin","10":"first","11":"instock","12":"shipping-taxable","13":"purchasable","14":"product-type-variable"},"_links":{"self":[{"href":"https:\/\/anacleta.com.ar\/es_es\/wp-json\/wp\/v2\/product\/108916","targetHints":{"allow":["GET"]}}],"collection":[{"href":"https:\/\/anacleta.com.ar\/es_es\/wp-json\/wp\/v2\/product"}],"about":[{"href":"https:\/\/anacleta.com.ar\/es_es\/wp-json\/wp\/v2\/types\/product"}],"wp:featuredmedia":[{"embeddable":true,"href":"https:\/\/anacleta.com.ar\/es_es\/wp-json\/wp\/v2\/media\/108919"}],"wp:attachment":[{"href":"https:\/\/anacleta.com.ar\/es_es\/wp-json\/wp\/v2\/media?parent=108916"}],"wp:term":[{"taxonomy":"product_brand","embeddable":true,"href":"https:\/\/anacleta.com.ar\/es_es\/wp-json\/wp\/v2\/product_brand?post=108916"},{"taxonomy":"product_cat","embeddable":true,"href":"https:\/\/anacleta.com.ar\/es_es\/wp-json\/wp\/v2\/product_cat?post=108916"},{"taxonomy":"product_tag","embeddable":true,"href":"https:\/\/anacleta.com.ar\/es_es\/wp-json\/wp\/v2\/product_tag?post=108916"}],"curies":[{"name":"wp","href":"https:\/\/api.w.org\/{rel}","templated":true}]}}

<p data-start="0" data-end="371">Este chaleco de crepe sastrero redefine la elegancia moderna con un guiño lúdico y actual. Su silueta estructurada y corte corto estilizan la figura, mientras que los pines metálicos desmontables permiten personalizar el look y sumar un detalle distintivo. Ideal para combinar con camisas, tops o llevar como pieza protagonista en conjuntos de impronta contemporánea.</p>
