{"id":110439,"date":"2026-04-24T12:29:56","date_gmt":"2026-04-24T15:29:56","guid":{"rendered":"https:\/\/anacleta.com.ar\/?post_type=product&#038;p=110439"},"modified":"2026-04-24T12:29:56","modified_gmt":"2026-04-24T15:29:56","slug":"vestido-japon-2","status":"publish","type":"product","link":"https:\/\/anacleta.com.ar\/es_es\/producto\/vestido-japon-2\/","title":{"rendered":"Vestido Japon"},"content":{"rendered":"","protected":false},"excerpt":{"rendered":"<p>Vestido Jap\u00f3n midi de punto sin mangas, dise\u00f1ado con una sofisticada estructura plisada que aporta relieve y movimiento a la prenda. Se destaca por su juego de rayas horizontales en escote. Su falda de l\u00ednea evas\u00e9 con terminaci\u00f3n irregular y sutiles transparencias estiliza la silueta.<\/p>\n<p>Composici\u00f3n: 48% Viscosa 44% Poliamida 8% Poli\u00e9ster<\/p>\n<p>Referencia modelo Florencia: Altura 1,74 Talle: 1<\/p>\n","protected":false},"featured_media":110442,"template":"","meta":[],"product_brand":[480],"product_cat":[130],"product_tag":[112],"class_list":{"0":"post-110439","1":"product","2":"type-product","3":"status-publish","4":"has-post-thumbnail","6":"product_brand-jazmin-chebar","7":"product_cat-vestidos-y-faldas","8":"product_tag-jazmin-chebar","10":"first","11":"instock","12":"shipping-taxable","13":"purchasable","14":"product-type-variable"},"_links":{"self":[{"href":"https:\/\/anacleta.com.ar\/es_es\/wp-json\/wp\/v2\/product\/110439","targetHints":{"allow":["GET"]}}],"collection":[{"href":"https:\/\/anacleta.com.ar\/es_es\/wp-json\/wp\/v2\/product"}],"about":[{"href":"https:\/\/anacleta.com.ar\/es_es\/wp-json\/wp\/v2\/types\/product"}],"wp:featuredmedia":[{"embeddable":true,"href":"https:\/\/anacleta.com.ar\/es_es\/wp-json\/wp\/v2\/media\/110442"}],"wp:attachment":[{"href":"https:\/\/anacleta.com.ar\/es_es\/wp-json\/wp\/v2\/media?parent=110439"}],"wp:term":[{"taxonomy":"product_brand","embeddable":true,"href":"https:\/\/anacleta.com.ar\/es_es\/wp-json\/wp\/v2\/product_brand?post=110439"},{"taxonomy":"product_cat","embeddable":true,"href":"https:\/\/anacleta.com.ar\/es_es\/wp-json\/wp\/v2\/product_cat?post=110439"},{"taxonomy":"product_tag","embeddable":true,"href":"https:\/\/anacleta.com.ar\/es_es\/wp-json\/wp\/v2\/product_tag?post=110439"}],"curies":[{"name":"wp","href":"https:\/\/api.w.org\/{rel}","templated":true}]}}

<p>Vestido Japón midi de punto sin mangas, diseñado con una sofisticada estructura plisada que aporta relieve y movimiento a la prenda. Se destaca por su juego de rayas horizontales en escote. Su falda de línea evasé con terminación irregular y sutiles transparencias estiliza la silueta.</p>
<p>Composición: 48% Viscosa 44% Poliamida 8% Poliéster</p>
<p>Referencia modelo Florencia: Altura 1,74 Talle: 1</p>
