{"id":86161,"date":"2024-09-03T19:07:55","date_gmt":"2024-09-03T22:07:55","guid":{"rendered":"https:\/\/anacleta.com.ar\/?post_type=product&#038;p=86161"},"modified":"2025-12-04T18:34:10","modified_gmt":"2025-12-04T21:34:10","slug":"short-lemon","status":"publish","type":"product","link":"https:\/\/anacleta.com.ar\/es_es\/producto\/short-lemon\/","title":{"rendered":"Short Lemon"},"content":{"rendered":"","protected":false},"excerpt":{"rendered":"<p>Short Lemon confeccionado en denim r\u00edgido. Posee tablillas en delantero y cintura cruzada. Largo por encima de las rodillas. Fit amplio y c\u00f3modo.<\/p>\n<p>Composici\u00f3n: 80% algod\u00f3n org\u00e1nico, 20% algod\u00f3n reciclado<\/p>\n<p>Referencia modelo Sofia :Altura 1,72 Talle: 1<\/p>\n","protected":false},"featured_media":86169,"template":"","meta":[],"product_brand":[480],"product_cat":[126,274],"product_tag":[112],"class_list":{"0":"post-86161","1":"product","2":"type-product","3":"status-publish","4":"has-post-thumbnail","6":"product_brand-jazmin-chebar","7":"product_cat-denim","8":"product_cat-shorts","9":"product_tag-jazmin-chebar","11":"first","12":"instock","13":"shipping-taxable","14":"purchasable","15":"product-type-variable"},"_links":{"self":[{"href":"https:\/\/anacleta.com.ar\/es_es\/wp-json\/wp\/v2\/product\/86161","targetHints":{"allow":["GET"]}}],"collection":[{"href":"https:\/\/anacleta.com.ar\/es_es\/wp-json\/wp\/v2\/product"}],"about":[{"href":"https:\/\/anacleta.com.ar\/es_es\/wp-json\/wp\/v2\/types\/product"}],"wp:featuredmedia":[{"embeddable":true,"href":"https:\/\/anacleta.com.ar\/es_es\/wp-json\/wp\/v2\/media\/86169"}],"wp:attachment":[{"href":"https:\/\/anacleta.com.ar\/es_es\/wp-json\/wp\/v2\/media?parent=86161"}],"wp:term":[{"taxonomy":"product_brand","embeddable":true,"href":"https:\/\/anacleta.com.ar\/es_es\/wp-json\/wp\/v2\/product_brand?post=86161"},{"taxonomy":"product_cat","embeddable":true,"href":"https:\/\/anacleta.com.ar\/es_es\/wp-json\/wp\/v2\/product_cat?post=86161"},{"taxonomy":"product_tag","embeddable":true,"href":"https:\/\/anacleta.com.ar\/es_es\/wp-json\/wp\/v2\/product_tag?post=86161"}],"curies":[{"name":"wp","href":"https:\/\/api.w.org\/{rel}","templated":true}]}}

<p>Short Lemon confeccionado en denim rígido. Posee tablillas en delantero y cintura cruzada. Largo por encima de las rodillas. Fit amplio y cómodo.</p>
<p>Composición: 80% algodón orgánico, 20% algodón reciclado</p>
<p>Referencia modelo Sofia :Altura 1,72 Talle: 1</p>
