{"id":89662,"date":"2024-12-06T18:18:33","date_gmt":"2024-12-06T21:18:33","guid":{"rendered":"https:\/\/anacleta.com.ar\/?post_type=product&#038;p=89662"},"modified":"2026-02-14T11:02:30","modified_gmt":"2026-02-14T14:02:30","slug":"vestido-mar","status":"publish","type":"product","link":"https:\/\/anacleta.com.ar\/es_es\/producto\/vestido-mar\/","title":{"rendered":"Vestido Mar"},"content":{"rendered":"","protected":false},"excerpt":{"rendered":"<p>El vestido fuerza esta confeccionado en seda con lurex, el dise\u00f1o del textil fue dise\u00f1ado de forma exclusiva para esta colecci\u00f3n. El escote tiene dos \u00e1reteles y en la espalda tienen un cierre invisible para acceder a la prenda. Es un vestido ideal para un casamiento o evento formal.<\/p>\n<p>Referencia modelo: Altura 1,79 Talle 1<\/p>\n","protected":false},"featured_media":89664,"template":"","meta":[],"product_brand":[481],"product_cat":[492,125,491,475,130],"product_tag":[111],"class_list":{"0":"post-89662","1":"product","2":"type-product","3":"status-publish","4":"has-post-thumbnail","6":"product_brand-ginebra","7":"product_cat-2x1","8":"product_cat-fiesta","9":"product_cat-flash-market","10":"product_cat-hotsale","11":"product_cat-vestidos-y-faldas","12":"product_tag-ginebra","14":"first","15":"instock","16":"shipping-taxable","17":"purchasable","18":"product-type-variable"},"_links":{"self":[{"href":"https:\/\/anacleta.com.ar\/es_es\/wp-json\/wp\/v2\/product\/89662","targetHints":{"allow":["GET"]}}],"collection":[{"href":"https:\/\/anacleta.com.ar\/es_es\/wp-json\/wp\/v2\/product"}],"about":[{"href":"https:\/\/anacleta.com.ar\/es_es\/wp-json\/wp\/v2\/types\/product"}],"wp:featuredmedia":[{"embeddable":true,"href":"https:\/\/anacleta.com.ar\/es_es\/wp-json\/wp\/v2\/media\/89664"}],"wp:attachment":[{"href":"https:\/\/anacleta.com.ar\/es_es\/wp-json\/wp\/v2\/media?parent=89662"}],"wp:term":[{"taxonomy":"product_brand","embeddable":true,"href":"https:\/\/anacleta.com.ar\/es_es\/wp-json\/wp\/v2\/product_brand?post=89662"},{"taxonomy":"product_cat","embeddable":true,"href":"https:\/\/anacleta.com.ar\/es_es\/wp-json\/wp\/v2\/product_cat?post=89662"},{"taxonomy":"product_tag","embeddable":true,"href":"https:\/\/anacleta.com.ar\/es_es\/wp-json\/wp\/v2\/product_tag?post=89662"}],"curies":[{"name":"wp","href":"https:\/\/api.w.org\/{rel}","templated":true}]}}

<p>El vestido fuerza esta confeccionado en seda con lurex, el diseño del textil fue diseñado de forma exclusiva para esta colección. El escote tiene dos áreteles y en la espalda tienen un cierre invisible para acceder a la prenda. Es un vestido ideal para un casamiento o evento formal.</p>
<p>Referencia modelo: Altura 1,79 Talle 1</p>
