{"id":90874,"date":"2025-02-11T19:14:34","date_gmt":"2025-02-11T22:14:34","guid":{"rendered":"https:\/\/anacleta.com.ar\/?post_type=product&#038;p=90874"},"modified":"2026-03-21T13:13:55","modified_gmt":"2026-03-21T16:13:55","slug":"mini-harper","status":"publish","type":"product","link":"https:\/\/anacleta.com.ar\/es_es\/producto\/mini-harper\/","title":{"rendered":"Mini Harper"},"content":{"rendered":"","protected":false},"excerpt":{"rendered":"<p>Mini Harper es una pollera con short interno confeccionado en tela complemento. Su acceso es por cierre lateral.<\/p>\n<p>Composici\u00f3n: Tela base: 100% poli\u00e9ster. Complemento: 66% poli\u00e9ster 28% viscosa 6% elastano.<\/p>\n<p>Referencia modelo Sasha: Altura 1,72 Talle: 1<\/p>\n","protected":false},"featured_media":109715,"template":"","meta":[],"product_brand":[480],"product_cat":[492,491,461,130],"product_tag":[112],"class_list":{"0":"post-90874","1":"product","2":"type-product","3":"status-publish","4":"has-post-thumbnail","6":"product_brand-jazmin-chebar","7":"product_cat-2x1","8":"product_cat-flash-market","9":"product_cat-todo-para-chebar","10":"product_cat-vestidos-y-faldas","11":"product_tag-jazmin-chebar","13":"first","14":"outofstock","15":"shipping-taxable","16":"product-type-variable"},"_links":{"self":[{"href":"https:\/\/anacleta.com.ar\/es_es\/wp-json\/wp\/v2\/product\/90874","targetHints":{"allow":["GET"]}}],"collection":[{"href":"https:\/\/anacleta.com.ar\/es_es\/wp-json\/wp\/v2\/product"}],"about":[{"href":"https:\/\/anacleta.com.ar\/es_es\/wp-json\/wp\/v2\/types\/product"}],"wp:featuredmedia":[{"embeddable":true,"href":"https:\/\/anacleta.com.ar\/es_es\/wp-json\/wp\/v2\/media\/109715"}],"wp:attachment":[{"href":"https:\/\/anacleta.com.ar\/es_es\/wp-json\/wp\/v2\/media?parent=90874"}],"wp:term":[{"taxonomy":"product_brand","embeddable":true,"href":"https:\/\/anacleta.com.ar\/es_es\/wp-json\/wp\/v2\/product_brand?post=90874"},{"taxonomy":"product_cat","embeddable":true,"href":"https:\/\/anacleta.com.ar\/es_es\/wp-json\/wp\/v2\/product_cat?post=90874"},{"taxonomy":"product_tag","embeddable":true,"href":"https:\/\/anacleta.com.ar\/es_es\/wp-json\/wp\/v2\/product_tag?post=90874"}],"curies":[{"name":"wp","href":"https:\/\/api.w.org\/{rel}","templated":true}]}}

<p>Mini Harper es una pollera con short interno confeccionado en tela complemento. Su acceso es por cierre lateral.</p>
<p>Composición: Tela base: 100% poliéster. Complemento: 66% poliéster 28% viscosa 6% elastano.</p>
<p>Referencia modelo Sasha: Altura 1,72 Talle: 1</p>
