{"id":92019,"date":"2025-02-20T20:20:21","date_gmt":"2025-02-20T23:20:21","guid":{"rendered":"https:\/\/anacleta.com.ar\/?post_type=product&#038;p=92019"},"modified":"2026-02-14T11:03:10","modified_gmt":"2026-02-14T14:03:10","slug":"vestido-ru","status":"publish","type":"product","link":"https:\/\/anacleta.com.ar\/es_es\/producto\/vestido-ru\/","title":{"rendered":"Vestido Ru"},"content":{"rendered":"","protected":false},"excerpt":{"rendered":"<p>Vestido corto de lycra pesada, con escote redondo cerrado y frunces en los laterales que crean una silueta ajustada y femenina. Vers\u00e1til y moderno, este vestido se adapta a diferentes estilos: comb\u00ednalo con tacones altos para un look elegante o con botas y una campera de cuero para un toque m\u00e1s rockero.<br \/>\n<em>Referencia modelo:\u00a0Altura 1,78 Talle 1<\/em><\/p>\n","protected":false},"featured_media":92022,"template":"","meta":[],"product_brand":[481],"product_cat":[492,125,491,130],"product_tag":[111],"class_list":{"0":"post-92019","1":"product","2":"type-product","3":"status-publish","4":"has-post-thumbnail","6":"product_brand-ginebra","7":"product_cat-2x1","8":"product_cat-fiesta","9":"product_cat-flash-market","10":"product_cat-vestidos-y-faldas","11":"product_tag-ginebra","13":"first","14":"instock","15":"shipping-taxable","16":"purchasable","17":"product-type-variable"},"_links":{"self":[{"href":"https:\/\/anacleta.com.ar\/es_es\/wp-json\/wp\/v2\/product\/92019","targetHints":{"allow":["GET"]}}],"collection":[{"href":"https:\/\/anacleta.com.ar\/es_es\/wp-json\/wp\/v2\/product"}],"about":[{"href":"https:\/\/anacleta.com.ar\/es_es\/wp-json\/wp\/v2\/types\/product"}],"wp:featuredmedia":[{"embeddable":true,"href":"https:\/\/anacleta.com.ar\/es_es\/wp-json\/wp\/v2\/media\/92022"}],"wp:attachment":[{"href":"https:\/\/anacleta.com.ar\/es_es\/wp-json\/wp\/v2\/media?parent=92019"}],"wp:term":[{"taxonomy":"product_brand","embeddable":true,"href":"https:\/\/anacleta.com.ar\/es_es\/wp-json\/wp\/v2\/product_brand?post=92019"},{"taxonomy":"product_cat","embeddable":true,"href":"https:\/\/anacleta.com.ar\/es_es\/wp-json\/wp\/v2\/product_cat?post=92019"},{"taxonomy":"product_tag","embeddable":true,"href":"https:\/\/anacleta.com.ar\/es_es\/wp-json\/wp\/v2\/product_tag?post=92019"}],"curies":[{"name":"wp","href":"https:\/\/api.w.org\/{rel}","templated":true}]}}

<p>Vestido corto de lycra pesada, con escote redondo cerrado y frunces en los laterales que crean una silueta ajustada y femenina. Versátil y moderno, este vestido se adapta a diferentes estilos: combínalo con tacones altos para un look elegante o con botas y una campera de cuero para un toque más rockero.<br />
<em>Referencia modelo: Altura 1,78 Talle 1</em></p>
