{"id":94813,"date":"2025-03-31T19:26:04","date_gmt":"2025-03-31T22:26:04","guid":{"rendered":"https:\/\/anacleta.com.ar\/?post_type=product&#038;p=94813"},"modified":"2026-02-13T19:45:09","modified_gmt":"2026-02-13T22:45:09","slug":"chaleco-mosoro","status":"publish","type":"product","link":"https:\/\/anacleta.com.ar\/es_es\/producto\/chaleco-mosoro\/","title":{"rendered":"Chaleco Mosoro"},"content":{"rendered":"","protected":false},"excerpt":{"rendered":"<p>Chaleco largo de pelo largo de zorro del monte (piel sint\u00e9tica). Forrado. Con bolsillos en laterales. Posee ganchos peleteros para su cierre frontal.<\/p>\n<p><strong>Composici\u00f3n:<\/strong>\u00a0Piel sint\u00e9tica: 80% acr\u00edlico, 20% poli\u00e9ster. Forrer\u00eda: 100% poli\u00e9ster.<\/p>\n<p><strong>Cuidados:<\/strong>\u00a0Limpieza profesional.<\/p>\n","protected":false},"featured_media":94815,"template":"","meta":[],"product_brand":[487],"product_cat":[492,475,148],"product_tag":[196],"class_list":{"0":"post-94813","1":"product","2":"type-product","3":"status-publish","4":"has-post-thumbnail","6":"product_brand-shibinda","7":"product_cat-2x1","8":"product_cat-hotsale","9":"product_cat-sacos-y-camperas","10":"product_tag-shibinda","12":"first","13":"instock","14":"shipping-taxable","15":"purchasable","16":"product-type-variable"},"_links":{"self":[{"href":"https:\/\/anacleta.com.ar\/es_es\/wp-json\/wp\/v2\/product\/94813","targetHints":{"allow":["GET"]}}],"collection":[{"href":"https:\/\/anacleta.com.ar\/es_es\/wp-json\/wp\/v2\/product"}],"about":[{"href":"https:\/\/anacleta.com.ar\/es_es\/wp-json\/wp\/v2\/types\/product"}],"wp:featuredmedia":[{"embeddable":true,"href":"https:\/\/anacleta.com.ar\/es_es\/wp-json\/wp\/v2\/media\/94815"}],"wp:attachment":[{"href":"https:\/\/anacleta.com.ar\/es_es\/wp-json\/wp\/v2\/media?parent=94813"}],"wp:term":[{"taxonomy":"product_brand","embeddable":true,"href":"https:\/\/anacleta.com.ar\/es_es\/wp-json\/wp\/v2\/product_brand?post=94813"},{"taxonomy":"product_cat","embeddable":true,"href":"https:\/\/anacleta.com.ar\/es_es\/wp-json\/wp\/v2\/product_cat?post=94813"},{"taxonomy":"product_tag","embeddable":true,"href":"https:\/\/anacleta.com.ar\/es_es\/wp-json\/wp\/v2\/product_tag?post=94813"}],"curies":[{"name":"wp","href":"https:\/\/api.w.org\/{rel}","templated":true}]}}

<p>Chaleco largo de pelo largo de zorro del monte (piel sintética). Forrado. Con bolsillos en laterales. Posee ganchos peleteros para su cierre frontal.</p>
<p><strong>Composición:</strong> Piel sintética: 80% acrílico, 20% poliéster. Forrería: 100% poliéster.</p>
<p><strong>Cuidados:</strong> Limpieza profesional.</p>
